e of 0*l**a + 0*l**3 - 1/4*l**4 - 7*l + 7. Determine y(0).
-7
Let f(w) = -4*w**2 + 3*w + 19. Let v(u) = u**2 + u. Let l(b) = -f(b) - 5*v(b). What is l(-5)?
-4
Let l(v) = -4*v**2 - 2*v**2 + 2*v**2 + 3*v**2 - v. Let m(s) = -2*s**2 - 10*s - 4. Let z(u) = -l(u) + m(u). Calculate z(-8).
4
Suppose 0 = -5*m + 2*m + 18. Suppose -2*z = -13 - 5. Suppose -m*t = -z*t + 9. Let q(w) = -w + 3. What is q(t)?
0
Let c(p) = -p - 1. Let x(t) = 18*t - 8*t - 11*t. Let q(k) = 4*c(k) - 3*x(k). Determine q(-6).
2
Let d(w) = -w**2 - 4*w + 1. Suppose 71 = -13*p + 32. What is d(p)?
4
Let g(k) = -22 - k - 68*k**3 + 69*k**3 + k**2 + 38. Determine g(0).
16
Let p(j) = j**2 + 2*j + 7. Let b(w) = -3*w**2 - 21*w - 6. Let i be b(-7). What is p(i)?
31
Let r be (-13)/52*-16 - 0/1. Let s(z) be the third derivative of z**2 + 0*z + 0 - 5/6*z**3 + 1/12*z**r. Give s(5).
5
Let a(c) = -30*c + 22. Let t(g) = -11*g + 7. Let z(n) = 4*a(n) - 11*t(n). Calculate z(-5).
6
Let o(n) be the first derivative of -n**3/3 - 9*n**2/2 + 13*n + 43. Determine o(-10).
3
Let m(d) = -2*d + 1. Let x(b) = 10*b**2 - 1. Let j be x(1). Let v(p) = 20*p**2 - 12 - 12*p**2 + 4*p + 6*p - p**3. Let l be v(j). What is m(l)?
7
Let s(u) = u**2 - 17*u - 46. Let y(a) = a**3 + 7*a**2 + 21*a + 109. Let p be y(-6). Calculate s(p).
-8
Let f(n) be the third derivative of n**4/12 - n**3/3 + 22*n**2. Suppose -5*p + 13 = 3. Give f(p).
2
Let h(x) = x**3 + 5*x + 3. Let l(k) = k**3 + 4*k + 1. Let p(r) = -5*h(r) + 6*l(r). Let b(q) = q**3 - 3*q**2 + q - 3. Let g be b(3). Determine p(g).
-9
Let p(j) = -3*j + 2. Let k(i) = 4*i + 4. Let b(w) = -6*w + 3 - 8 + 3*w. Let t(q) = -3*b(q) - 2*k(q). Let m be t(-5). What is p(m)?
-4
Let j(y) be the third derivative of -y**4/12 - y**3/6 - 2*y**2. Suppose 0 = -m + 6*m. Let h be (-5)/10*2 + m. Give j(h).
1
Let d(i) = -22*i - i**3 + 84*i - 30*i - 30*i - 3 + 3*i**2. What is d(4)?
-11
Let x(r) = -4*r**3 - r**2 + r - 1. Suppose f + 12 + 6 = 5*w, 3*w = -f + 14. What is x(f)?
-35
Let z = -6 + 1. Let j = 8 + z. Let i(a) = 5 - 3*a - 1 + 3 + 2*a + a**j. Give i(0).
7
Let j(l) = 5*l - 5. Let x(i) = -i + 1. Let p(t) = 2*j(t) + 11*x(t). Suppose 0 = m - 0*m. Give p(m).
1
Let n(t) = -t**2 + 2*t - 5. Let g(h) = 2*h**2 - 4*h + 9. Let x(o) = -6*g(o) - 11*n(o). Suppose 0 = 12*y + 27 - 3. What is x(y)?
-7
Let m(v) = 1 + 7*v + 15784*v**3 - 3*v**2 - 7 - v**2 + 1 - 15783*v**3. Determine m(3).
7
Let r(q) = -14*q**2 + 8*q - 6. Let m(p) = -5*p**2 + 3*p - 2. Let h be -11*(-1 + 2)/(-1). Let v(o) = h*m(o) - 4*r(o). What is v(-3)?
8
Let q(p) = -6*p**2 + p - 2*p + p**3 - 7*p + 2. Suppose 3*u + 33 = -27. Let a = u + 27. Calculate q(a).
-5
Let q be (-9)/(-27) + 16/6. Let k be 4 + q*(-4)/6. Let h(l) = 6*l + l**3 + 2 + 5*l**k + 2 + l**2. Give h(-5).
-1
Let a(f) be the second derivative of -f**7/2520 + f**6/360 - f**5/120 - 2*f**4 + 31*f. Let r(k) be the third derivative of a(k). Determine r(-3).
-16
Let l(z) = -4*z - 820 + 5*z + 831. What is l(-18)?
-7
Let x(i) be the second derivative of -i**4/12 + 11*i**3/6 - 13*i**2/2 - 57*i + 4. Calculate x(11).
-13
Let p(w) = -w**3 + 6*w**2 - w + 4. Let c be p(6). Let b be (((-2)/c)/1)/(-8 + 7). Let k(u) = -1 - 5*u**3 + 2 + 3*u**3 + 2*u. Calculate k(b).
1
Suppose 0 = 2*i - 10. Suppose 0 = -i*o + 12 - 2. Let s(m) = m**2 + 3 - o*m**2 - 6 + 6*m + 2. Give s(4).
7
Let x(h) be the second derivative of h**5/20 + h**4/6 - 2*h**2 - 315*h. Give x(-3).
-13
Let b(y) = -10*y - 18. Let t(a) = 8*a + 16. Let p(i) = 5*b(i) + 6*t(i). Give p(4).
-2
Let w be (-658)/210 - 8/(-60). Let d(h) be the first derivative of -h**4/4 - 4*h**3/3 - h**2 - 2*h + 2. Give d(w).
-5
Let i = -9 + 2. Let l(n) = -n**2 - 8*n - 3. Let w(f) = f**2 + 8*f + 3. Let u(t) = 5*l(t) + 6*w(t). Let b(h) be the first derivative of u(h). Give b(i).
-6
Let x(c) = c**2 + 6*c - 1. Suppose -35 = -4*i - i. Let z(g) be the second derivative of -g**3/6 + g**2 + 4*g. Let q be z(i). What is x(q)?
-6
Let s = -7 - -13. Let w(n) be the second derivative of 3*n + 0 - 5/12*n**4 - 3*n**2 + 1/20*n**5 - 5/6*n**3. What is w(s)?
0
Let a(c) = c**3 + 4*c**2 + 3*c + 5. Suppose 5*f + 4*v = -28, 2*f - v = f - 2. Let q be a(f). Let k(p) = -p**3 - 7*p**2 - 2*p - 7. What is k(q)?
7
Let u(a) = 2*a - 10*a - 5 + a**2 + 6*a - 6*a**2 - a**3 - 3*a. Give u(-4).
-1
Suppose 2*n - 5*m = -15, 0 = 4*m + 7 - 19. Let c(k) be the third derivative of k**5/60 - k**4/24 - 3*k**3/2 - 2*k**2. Determine c(n).
-9
Let p = -1075 - -1078. Let t(k) be the first derivative of -4*k - 3*k**2 - 6 - 1/3*k**p. Give t(-3).
5
Let r = -1097 + 1091. Let p(i) = -i**3 - 6*i**2 + 9*i + 1. Give p(r).
-53
Suppose -6*g + 6 = -4*g. Let h(a) be the third derivative of -a**5/60 + 5*a**4/24 - a**3/3 + 16*a**2 - 1. Give h(g).
4
Let k(v) = 3*v**2 + 6*v + 4. Let b be k(-2). Let h = -5 + 8. Let z(a) = 5 - h + 4 - a. What is z(b)?
2
Let w(n) = n**3 + 6*n**2 + 8*n + 2. Let q be w(-4). Suppose 0 = 5*k + q*v + 38, 0 = 3*k - 2*v + 13 - 3. Let i(h) = h + 8. Calculate i(k).
2
Let t(o) = o**3 - 4*o**2 + 2*o - 5. Let b(j) = 5*j**2 - 5*j. Let l be b(6). Let n be l/(-9) + (-8)/(-12). Let i be (3 - 1)/((-8)/n). Calculate t(i).
3
Let p = -3566 - -3559. Let t(v) = v**2 + 12*v + 2. Let j(u) = u - 1. Let q(z) = 4*j(z) - t(z). What is q(p)?
1
Let d(x) = x - 8. Let f be d(11). Let w = 9 - f. Let n be 1/(3 - 20/w). Let i(h) = -h**3 - 3*h**2 - 2*h - 3. Give i(n).
3
Let c(h) be the second derivative of -2*h**3/3 - 2*h**2 - 31*h. Let b(t) = 3*t**3 + t**2 + 2*t + 1. Let o be b(-1). Give c(o).
8
Suppose 40*k - 38*k = -6. Let r(q) = 2*q**2 + 5*q + 3. Determine r(k).
6
Let a(r) = r**2 + 8*r + 7. Suppose 0*x - 2*x + 10 = 0. Let t be (2 - x) + (-2 - 2). Determine a(t).
0
Suppose -3*k - 2 = 4*f - k, -k = 3*f - 1. Let n(i) = 4 - i + f*i**2 + 0*i - 4*i**2. Suppose -3 = -10*w + 11*w. Determine n(w).
-11
Let o(d) = -d + 19. Suppose 0 = 2*h + 3*u + 28, 0 = 2*h - 4*u + 34 - 6. Determine o(h).
33
Let o(k) = -15*k - 211. Let z be o(-14). Let v(u) = 0*u + 0*u + u + 1 + 6*u**3. Calculate v(z).
-6
Let k(f) = f**2 - f + 2. Let a(z) = z**2 - z + 2. Let x(y) = -3*a(y) + 4*k(y). Let u(l) = 4*l - 2. Let o be u(2). Suppose -2*v + 0 + o = 0. Determine x(v).
8
Let v(u) = -9*u**3 + 3 + 0 - 2. Suppose -3*c - 185 + 50 = 0. Let d = -46 - c. Calculate v(d).
10
Let m(a) = 4*a - 6. Let u be m(2). Let k(p) = 16*p**3 + 2 + 4*p + 3*p**u - 15*p**3 - 2*p - 1. Determine k(-3).
-5
Suppose 16 = 3*c + c. Suppose -3*a + 4*d - 11 - 8 = 0, -4 = -c*d. Let r(l) = -l**2 + 1. Let p(m) = -6*m**2 + 2*m + 6. Let i(v) = a*r(v) + p(v). What is i(3)?
-2
Let a(y) = y**2 - 5*y - 6. Let l(z) = -z + z**2 - 4 + 0*z**2 - 8*z. Let i = -951 + 961. Let f be l(i). What is a(f)?
0
Let l(y) = -y**3 + 6*y**2 + 2*y. Suppose 4 = s + 6. Let x be (s + 0)/(2/(-6)). Determine l(x).
12
Let l(k) = -k**3 - 5*k**2 - 4*k + 3. Let t be (52/91)/((-2)/(-7)). Suppose -4*x = t*h + 12, 3*h = -3*x - 12 - 3. Give l(h).
3
Let c be 1/((-2)/(-30)*3). Let o = -7 + c. Let s(i) be the third derivative of -i**6/120 - i**5/20 - i**4/12 - i**3/6 - 85*i**2. Calculate s(o).
-1
Suppose -17 - 21 = -19*p. Let q(b) be the second derivative of -1/12*b**4 + 2/3*b**3 + 5*b + 0*b**p + 0. What is q(3)?
3
Let j(r) be the third derivative of -r**5/60 + r**4/6 - r**3/2 - 110*r**2. Give j(4).
-3
Let r(g) = -5 - 20*g + 11*g + 6 + 1. Calculate r(-1).
11
Let r be (-84)/(-10) - (-8)/(-20). Suppose -r*c - 40 = -4*c. Let n = c + 9. Let a(q) = -3*q. Calculate a(n).
3
Let o = -48 - -42. Let q(w) = 2*w**3 + 11*w**2 - 6*w + 6. Determine q(o).
6
Let c(u) be the third derivative of -u**4/24 - u**2. Let z(l) = -l - 10. Let q(w) = -2*c(w) + z(w). Give q(8).
-2
Let z(t) = -t**2 + 2*t**2 - 3 + 2. Let n be (-2)/(-6) + (-876)/36. Let w be ((-8)/n)/(2/6). Calculate z(w).
0
Let m(i) = -i**3 - 10*i**2 + 4. Let v(l) = -4*l + 26. Let w be v(9). Determine m(w).
4
Let n(m) = -4*m**3 + m**2 + 3*m + 3. Suppose -3 = -4*r + 3*a + 1, -r + 2*a + 6 = 0. Give n(r).
33
Let o(i) = i**3 + 21*i**2 + i + 25. Let z be o(-21). Suppose l - z = -2. Let x(d) = -2*d - 4*d + 2*d - 3*d - 1. Give x(l).
-15
Suppose -5*f + 13 = -2*o + 6, 0 = 3*f - o - 3. Let t(j) = -2*j + 3 + 2*j**2 + 0*j**2 - 4. Calculate t(f).
3
Let u = -100 - -102. Let b(v) be the second derivative of 2*v + 0 + 1/20*v**5 - 1/12*v**4 + 1/2*v**2 + 0*v**3. Determine b(u).
5
Suppose 3*m - 3*t = 3, -m - 5*t + 16 = m. Let f(o) = -9*o + 